92. Is s a prime number?
True
Suppose -5*q + 2*m + m = -3, -2*q = 4*m - 22. Suppose 0 = 6*f - q*f + 66. Let d = f + 37. Is d prime?
False
Let q be ((-3)/(-2))/((-12)/(-80)). Suppose 1 + 1 = t. Suppose -i + t*i = -c + 10, -c = -4*i - q. Is c composite?
True
Let n(w) = w + 9. Let a be n(-4). Suppose 0*l + a*l = 345. Is l a composite number?
True
Suppose -3*h - 8 - 4 = -5*f, -2*f + 5*h + 20 = 0. Let n(x) = -9*x - 1. Let i be n(-1). Suppose f = -i*g + 4*g + 204. Is g a composite number?
True
Suppose -5*b = 0, 4*t - 5*b - 16804 = -0*b. Is t a prime number?
True
Suppose -63 = -3*s + 84. Is s a prime number?
False
Suppose 3*j + 270 = 1185. Is j a prime number?
False
Suppose 4*h - 13 = -h + d, 0 = 4*d + 12. Suppose h*o + 6 = -8*t + 3*t, -12 = -5*o + t. Is (91/4)/(o/8) composite?
True
Suppose 2754 = -5*f + 409. Let y = -266 - f. Is y a prime number?
False
Suppose -147 + 2492 = 5*g. Is g composite?
True
Suppose 0 = 5*k - 2*k + 78. Let h = 170 + k. Suppose -i = 3*i + 5*o - 143, 4*i + 4*o - h = 0. Is i a composite number?
False
Let g(q) = 2*q - 3. Let n be g(3). Suppose -i + 0 = d - 4, n*d + 4 = -i. Suppose 2*b - 22 = i. Is b a prime number?
False
Suppose -3*t + 2898 = 741. Is t composite?
False
Suppose 23*w - 22*w = 203. Is w a composite number?
True
Suppose -2 = s - 1. Is ((-195)/(-6))/(s/(-2)) prime?
False
Let w = 10 - 7. Suppose 4*j + 2*r = 238, w*j = -r + 3*r + 168. Is j prime?
False
Suppose 4*h - 619 + 12 = -3*b, 0 = -4*b - 5*h + 809. Is b a prime number?
False
Let n be 98/12 - 3/18. Suppose -6 = -3*q, 2*q + 1 = -o + n. Is 4/(-6) - (-113)/o prime?
True
Let q(m) = 7*m**2 - 6*m + 5. Let n be q(-5). Suppose 2*t + 3*i = n, -4*i = 3*t - 88 - 227. Suppose -5*o - t = -8*o. Is o a prime number?
False
Suppose -3*m - 2*m = 0. Let c(i) be the second derivative of i**3/6 + 89*i**2/2 + 5*i. Is c(m) prime?
True
Let m(q) = -130*q - 21. Is m(-7) a composite number?
True
Is ((-289)/(-2))/(2/(-4) - -1) composite?
True
Suppose 0 = -2*n + 425 + 2297. Is n a composite number?
False
Let v(p) = -p**3 - 5*p**2 - 5*p - 9. Is v(-8) composite?
False
Let o be -3 - (-2 + (1 - 3)). Is o/((-1892)/632 + 3) prime?
False
Suppose -6*s + 4*s + 1382 = 0. Is s prime?
True
Let b = -12 + 13. Is (24 - -4) + -3 + b a prime number?
False
Suppose -4*m = -5*v - 2 + 12, -6 = -3*v - 4*m. Let a(z) = -2*z**3 - 3*z**2 + 3*z - 1. Let q be a(-3). Suppose v = o - q. Is o a prime number?
True
Let j = -3 + 1. Let b be (1/j)/(4/(-264)). Suppose 3*s - 6*s + b = 0. Is s composite?
False
Let s(a) = 48*a + 13. Let x(v) = 12*v + 3. Let u(m) = 2*s(m) - 9*x(m). Is u(-2) a composite number?
False
Suppose 6 = -2*p, 5*c - 7*p - 2216 = -10*p. Is c a prime number?
False
Suppose -5*i + 109 = -86. Suppose 8 + 33 = 4*w + n, -i = -3*w + 2*n. Is w composite?
False
Suppose 0*i + 3*f = -5*i + 1270, -i + 246 = -f. Is i a prime number?
True
Let i = -5 + 9. Suppose -i*n + 616 + 732 = 0. Is n composite?
False
Is 882 - (2 + -6) - -1 a composite number?
False
Let g(p) = 10*p - 9. Is g(4) a composite number?
False
Suppose 3*r + 4*a = 2*a + 149, -r + 53 = -a. Is r composite?
True
Let j(w) = -w**3 - 6*w**2 - 7*w - 7. Let q be j(-5). Suppose -q*f = -v - 8*f + 109, v + 4*f = 114. Suppose -v = -0*h - 2*h. Is h prime?
True
Let g(u) = 9*u**2 - 4*u - 3. Let i be g(-2). Suppose -h + 2*w = 24, -4*h - w = -3*w + 84. Let x = h + i. Is x composite?
True
Suppose -m - 2*b - 18 = 0, 4*m - m + 42 = -2*b. Let q = -7 - m. Suppose q*y - 19 = 106. Is y composite?
True
Let f be (2 + 3/(-6))*2. Is 3*(-2)/f - -36 a composite number?
True
Let i = -2268 + 3956. Suppose -3*b + i + 199 = -3*x, -4*b + 3*x + 2518 = 0. Is b a composite number?
False
Suppose -3*l - 2*g + 4867 = 0, g - 4 = -g. Is l a prime number?
True
Let f = -158 + 302. Suppose -4*n - 46 = -2*m + 252, -n - f = -m. Is m a composite number?
False
Suppose -29 = s - d + 40, 5*s - 2*d = -354. Let m(g) = -4*g**2 - 2*g - 11. Let j be m(5). Let y = s - j. Is y a composite number?
True
Let x = 313 + 1956. Is x a composite number?
False
Suppose -16 + 6 = -2*r. Suppose 701 = r*v - 954. Is v a composite number?
False
Suppose 4*y = -12, -2*u + 3*y + 1 + 2 = 0. Let c(f) = -6*f**3 - 2*f**2 - 2*f - 1. Is c(u) prime?
True
Let p be 2 - (4 + -2 + -1). Is (-26)/(6/(-2) + p) a composite number?
False
Let w(a) = a**3 + 17*a**2 - a - 6. Is w(-7) composite?
False
Suppose t - 2*t = -27. Suppose 15 = 3*a - t. Is a a composite number?
True
Suppose 8 = j + 3*j. Suppose -70 = -j*l + 68. Is l prime?
False
Let r be 6/4*(-8)/6. Let b = 1 - r. Is b a composite number?
False
Let k = 67 + -20. Let r = -9 + k. Is r a prime number?
False
Suppose 0 = -3*g + 3 + 3. Let j(w) = w**2 - 5*w + 2. Let l be j(5). Suppose -5*t + 7 = -y - 3, g*t = l*y - 20. Is y a prime number?
False
Let l be 2/(-4)*12/(-2). Suppose -l*b + 2*b + 30 = 0. Suppose -k + b = k. Is k composite?
True
Let r = 157 - 60. Is r composite?
False
Suppose -5*g + 0*l + 2*l - 163 = 0, 161 = -5*g + 4*l. Let y be (-2510)/(-45) - 4/(-18). Let z = g + y. Is z prime?
True
Suppose -2*z - 7 = -1. Let v(d) = 4*d**2 + 3*d**2 - 3*d**2 - 1. Is v(z) composite?
True
Let l(q) be the first derivative of -q**4/4 - 2*q**3 + 5*q**2/2 + 9*q - 4. Is l(-8) a prime number?
True
Let m = -5 + 3. Let h be -1 + (-6)/(-3) - m. Is ((-35)/2)/(h/(-6)) a prime number?
False
Suppose -4 + 0 = -w. Suppose s - 2*s + 39 = -5*n, -6 = s + w*n. Is s a prime number?
False
Let j = 8 + -3. Suppose -j*v = -8*v. Suppose c + 58 + 132 = 5*t, -t + 5*c + 62 = v. Is t prime?
True
Let n be (-9)/(-21) + 72/28. Let l = 4 + 1. Suppose 0 = n*s - l*s + 238. Is s a prime number?
False
Suppose w + 2302 = 2*i - w, -3*w = -5*i + 5747. Is i prime?
False
Let k be (-1)/((3/(-3057))/1). Let c = k + -624. Is c a composite number?
True
Let r(u) = -u**3 + u**2 - 6*u + 14. Is r(-10) prime?
False
Let j be (-6)/9*1413/(-2). Suppose -4*t + 421 + j = 0. Is t prime?
True
Let b(c) = -3*c**3 - 4*c + 4. Let w(m) = -m**3 + 3*m**2 + 3. Let h be w(3). Let d be b(h). Let s = d + 216. Is s a composite number?
False
Suppose 2*p - 2 - 40 = 0. Let c = 36 - p. Is c composite?
True
Suppose f = 4*f - 150. Let t = 70 - f. Let y = t - 13. Is y prime?
True
Suppose 4*g = -6 + 22. Let w(p) = 8*p**2 - 4*p + 1. Is w(g) composite?
False
Let v = -36 - 57. Let i = -56 - v. Is i composite?
False
Let t = -379 - -255. Let z = 182 + t. Is z a composite number?
True
Let k(g) = -4*g**3 + 13*g**2 + 10*g - 8. Let l(f) = -f**3 + f**2 + 1. Let b(j) = -k(j) + 3*l(j). Let m be b(11). Suppose 0 = 4*n - 38 - m. Is n a prime number?
False
Suppose 3 = -3*q + 5*i + 4, 0 = 3*q - 3*i - 3. Suppose -5*f + 398 = v, -q*v = 4*f + v - 325. Is f composite?
False
Let y be 4 + (326 - (-1 + -2)). Suppose 2*f = -3*r + 2*r + 345, r - y = f. Is r composite?
False
Let c = -58 - -161. Is c prime?
True
Let a(i) = i - 5. Let y(m) = -6*m + 1. Let f be y(-1). Is a(f) a prime number?
True
Let c = 24 - 65. Let b(h) = h**3 + 3*h**2 + 3*h - 3. Let z be b(3). Let y = c + z. Is y prime?
True
Let m = 1905 + -3240. Let b be m/6*(-16)/10. Suppose b = -0*v + 4*v. Is v a prime number?
True
Let q(j) = j**2 + 21*j + 19. Is q(-26) a composite number?
False
Let i(w) = w**3 - 2*w**2 + 5. Is i(4) prime?
True
Let s = 769 + -445. Suppose 152 + s = 4*b. Is b prime?
False
Let w = -2 - -21. Is w prime?
True
Let f be 140/(-3) + (-3)/9. Let b = 80 + f. Is b composite?
True
Let g = -6 + 10. Suppose 0 = -3*d + g + 14. Is d composite?
True
Let w(b) = 73*b + 1. Let x(t) = t + 7. Let l(k) = -k - 7. Let y(u) = 4*l(u) + 5*x(u). Let z be y(-6). Is w(z) composite?
True
Let c(y) = -y + 3. Let x be c(-5). Let v be 875/3 + x/(-12). Let w = 452 - v. Is w a prime number?
False
Suppose -2*m - 2*w + 1896 = 512, 3*m = -w + 2074. Is m composite?
False
Suppose 4*n - 7 = 1. Suppose 2*c + 0*g - 182 = n*g, 0 = -4*c + 5*g + 368. Is c a composite number?
True
Let x = 4 + -3. Let u = x - -18. Suppose n - 43 = -3*z, z - 4*z = -n + u. Is n a prime number?
True
Suppose 0 = 3*r + 2*r - 2605. Is r a composite number?
False
Let o = 247 - 34. Is o composite?
True
Let q(g) = -23*g + 4 - 4 - 4 + 3. Is q(-1) a composite number?
True
Let y(n) be the third derivative of -13*n**4/24 + n**3/6 + 19*n**2. Suppose -m + 4*m - 5*d + 23 = 0, -4*m = -d + 8. Is y(m) a prime number?
False
Is 642 + -5 + -1 + -1 a composite number?
True
Let l = -8 + 1. Let f(x) = -5*x - x*